 Let z(m) be the second derivative of m**4/3 - m**3/6 + m. Calculate z(r).
5
Let f be 4/(2 - (1 + 2)). Let s(m) = 5*m + m**2 + 0*m**2 - m + 3. Calculate s(f).
3
Let l(r) be the third derivative of -r**4/24 - 5*r**3/3 - 4*r**2 - 10. What is l(-6)?
-4
Let r(n) be the second derivative of -n**6/120 - n**5/20 + n**4/24 - n**3/6 - 3*n**2/2 - n. Let w(m) be the first derivative of r(m). Determine w(-4).
11
Let o(t) be the third derivative of -t**4/24 - 5*t**3/3 + 3*t**2. Let j be 0/((-5)/(20/8)). Determine o(j).
-10
Let b(x) = -6*x**2 - 8*x - 11. Let v = 17 + -28. Let r(d) = -2*d**2 - 3*d - 4. Let p(i) = v*r(i) + 4*b(i). Calculate p(2).
-6
Suppose 0 = u + 5*r + 24, -3*u + 0*r - 2*r = 20. Let l(x) = 6*x + 2. What is l(u)?
-22
Let m = -29 - -54. Let b = m - 31. Let r(t) = t**2 + 3*t - 3. Determine r(b).
15
Let y = 27 - 31. Let a(z) = z + 2. Give a(y).
-2
Let y be 2/(-4) + 3/6. Suppose -5*m + y*m - 5 = 0. Let c(l) = 4*l**3 - 2*l**2 - l. Determine c(m).
-5
Let z(o) = -o**2 + 9*o - 6. Let s be z(8). Let g(j) = 5*j + 2*j**s + 1 - 2*j - 2*j + 2*j + j**3. Determine g(-2).
-5
Let t(w) = -7*w + 2. Let v(o) = 4*o - 1. Let b be -2 - 9/(-3)*-1. Let a(h) = b*v(h) - 3*t(h). Suppose 8*l - 10*l = 0. Determine a(l).
-1
Let l(t) be the first derivative of 9*t**2/2 - 8. Calculate l(1).
9
Let a(b) = -b**3 + 2*b**2 + 4*b - 1. Let g be a(3). Suppose -5*o = g*t + 3 - 0, 2*o = -2*t. Let z(d) = 2*d. Calculate z(t).
2
Let y(m) = -m**2 - 2*m + 2. Suppose 3*a - 2*a = -3. Calculate y(a).
-1
Suppose 0 = -4*v + v - 24. Let a = v - -8. Let f(c) be the first derivative of -c**2/2 - 9*c + 2. Determine f(a).
-9
Let f(x) be the first derivative of 1 - 5*x - 1/4*x**4 - 1/2*x**2 + 0*x**3. Suppose 0 = -4*u - u. Give f(u).
-5
Let g = -29 - -33. Let q = 0 + 1. Let f(t) = 0*t + q - g*t + 2*t. Calculate f(-4).
9
Let v(h) = -3*h**3 + 7 - 1 - 7 - h - 2*h**2. What is v(-2)?
17
Let w be 4 + 1 + -3 - 4. Let i(s) = s**3 + 5*s**2 + 2*s. Give i(w).
8
Let r = 11 + -7. Let y = -6 + r. Let n be (-17)/(-4) + y/8. Let v(l) = l**2 - l - 4. What is v(n)?
8
Let g(u) = -u + 5*u**2 - 1 - 6*u**2 + 2. Let k be g(-2). Let a(p) = -6*p**2 - p. Give a(k).
-5
Let n be -12 - (0 - (-2 + 3 - -2)). Let v(d) = d + 11. What is v(n)?
2
Let p(t) = 4*t - 3. Let r = 8 - 6. Suppose r*z - 3*n - 4 = 0, 17 = -3*z - 5*n + 4. Let h be z - -1 - 6/(-2). Give p(h).
9
Let r(z) be the third derivative of z**4/8 + z**3/3 - 5*z**2. Let q be r(1). Let j(k) = -6*k**2 + 0 + 3*k + 6 - 1 + k**3. Give j(q).
-5
Let w(k) = -k**3 - 7*k**2 - k - 2. Let g be w(-7). Let q(i) = -g*i**2 - i**3 - 1 + 8*i**2 - i + 1. Suppose -8 = -4*y - 0. Give q(y).
2
Let z(w) = -8*w**2 - 1. Suppose -2*j - 2*j + 16 = 0. Suppose 0 = 8*p - j*p + 4. Calculate z(p).
-9
Let o(l) be the second derivative of -19*l**3/6 - 6*l. What is o(-1)?
19
Suppose 4*g - g = 39. Let i be 4/6 + g/3. Let s(t) = -t + 12. Give s(i).
7
Let y(z) = z - 4. Let s be 3*-2*3/18. Let t be 0 + 3 + (-3)/s. Calculate y(t).
2
Let s(y) = y**3 - 6*y**2 + 5*y. Let c be (-19)/(0 - 0 - 1). Let f = -14 + c. What is s(f)?
0
Suppose -11 = -3*i - 2. Let h(b) = -6 - b**2 + 4 + 0 + b + b. What is h(i)?
-5
Let j(z) be the first derivative of -z**4/4 + z**3/3 - z**2/2 - z + 2. Give j(2).
-7
Let r(v) = -v - 10. Let x(o) = -o**2 - 5*o. Let u be x(-3). Suppose -u = g - 0*g. Calculate r(g).
-4
Let g(p) = 2*p**3 - p**2 + 1. Let z(i) = -2*i + 1. Let j(d) = d**3 + d**2 + d + 1. Let o be j(0). Let v be z(o). Give g(v).
-2
Suppose -8*r - 3 - 29 = 0. Let z(x) = 5*x**3 - 10*x**2 + 2*x + 7. Let f(g) = -4*g**3 + 9*g**2 - 2*g - 6. Let a(y) = -6*f(y) - 5*z(y). Give a(r).
-7
Let z(o) be the second derivative of o**4/12 - o**2 + 8*o + 1. Let x(y) = -y - 7. Suppose 0 = -4*f - 5*q - 30, 3*f + q = -0*q - 17. Let c be x(f). Give z(c).
2
Let g(j) be the first derivative of -j**3/3 - 6*j - 15. Determine g(0).
-6
Let s = 0 - -2. Let z = -1 - -3. Let u(l) = 1 - l + l**2 + 0*l**z + 1. Calculate u(s).
4
Let p(y) be the second derivative of 0 - 2*y + 7/6*y**3 + 1/2*y**2. What is p(1)?
8
Let g(l) = -l - 2. Let b be g(5). Let t = b + 4. Let z(n) = 3*n**3 + 2*n**2 + 0*n - n - 2*n**3. Calculate z(t).
-6
Let g = 9 + -3. Let h(l) = -g + 4 + 2 - 5*l. Suppose -3 = 2*j - 5. Calculate h(j).
-5
Let y = -67 + 63. Let l(a) be the second derivative of a**3/3 + a**2/2 + 2*a. What is l(y)?
-7
Let v(l) be the second derivative of l**3/6 + 7*l**2/2 + 6*l. Give v(-6).
1
Let f(h) = -8*h - 8 + 25*h - 12*h - 6*h. Give f(-7).
-1
Let x(j) = -2 - 15*j - 3*j**2 + 0*j**2 + 4*j**2 - 4. Let h be x(15). Let s(z) = z - 6. What is s(h)?
-12
Let v(j) = -j**3 + 5*j**2 - 2*j - 5. Let d be 0*(3 + 0)/(-3). Suppose -5*f + 10*f - 20 = d. Give v(f).
3
Suppose -6*f = 6*f. Let g(y) = -y - 10. Determine g(f).
-10
Let t(g) = g**2 - 3*g - 3. Let j(m) = -m + 5. Let u be j(6). Let o be (12/(-16) - u)*12. Determine t(o).
-3
Let d(m) be the third derivative of m**6/8 - m**3/6 + 15*m**2. Suppose 3*z = -z + 4. What is d(z)?
14
Let p(x) = -3*x + 17. Let b(r) be the second derivative of -r**3/3 + 9*r**2/2 + 3*r. Let q(u) = 5*b(u) - 3*p(u). Calculate q(6).
-12
Let l(f) = -1 + 3 - 4 + f**3. Let c(u) = u**3 - 7*u**2 + 7*u - 6. Let n(v) = v**2 + 2. Let g be n(2). Let k be c(g). What is l(k)?
-2
Let o(c) = 4*c**2 + 5*c + 4. Let b(m) = 8*m - 20*m - 21*m**2 - 8*m - 5*m - 21. Let y(r) = 2*b(r) + 11*o(r). Suppose -4*k - 2 - 10 = 0. Calculate y(k).
5
Let f(u) be the first derivative of -u**4/4 + 5*u**3/3 - 2*u**2 - 5*u + 5. Calculate f(4).
-5
Let u(p) = -3*p**2 + 2*p + 5. Let j(y) = 7*y**2 - 3*y - 11. Let f(x) = 2*j(x) + 5*u(x). Determine f(5).
-2
Let f(y) = -6*y - 2*y**2 - 7 + y**2 + 6*y**2 + y**3 + 0*y**3. What is f(-6)?
-7
Let d(s) be the second derivative of s**3/6 - s**2/2 - 4*s. Let z = -8 + 15. Determine d(z).
6
Let b(w) = 3*w + 3. Suppose 3*c + 0 = 3*q + 3, 2*c = q - 2. Let m be b(c). Let s(t) = -t**2 - 8*t - 9. Calculate s(m).
3
Suppose 0*i = 4*i. Let y(w) = w**3 + 6. Calculate y(i).
6
Let z(s) = 4 - 4 + 3*s. Let g = 5 + -6. Give z(g).
-3
Let a(s) = 2*s**2 - 4*s. Suppose 0*f = 2*f - 10. Let h be a(f). Let t(p) = -30 + h + 2*p. Calculate t(5).
10
Suppose 13 = 5*d + 4*f, 5*d - 2*f = -20 + 51. Let l(s) = 5*s - 3*s - 4 - s. Give l(d).
1
Let x(r) = -r**3 + 2*r**2 - r + 1. Suppose -4*c + 14 = 2. Suppose -3*h - 15 = -c*j - 0*h, 24 = 4*j - 5*h. Let v(u) = 2*u**2. Let q be v(j). Calculate x(q).
-1
Let i(t) be the second derivative of -7*t**6/360 - t**5/120 - t**3/3 - 3*t. Let k(g) be the second derivative of i(g). Let s = 1 - 0. Give k(s).
-8
Let u = 9 + 5. Let q(z) = -8 - z**3 + 7*z - z**2 - 2*z**2 + u. Let j = 10 - 14. Give q(j).
-6
Let y(k) = -17 + 17 + 0*k - k. Calculate y(4).
-4
Suppose 2*q = -3*q. Let o(h) = q*h + 1 + 2*h - 4*h. Determine o(5).
-9
Let l(y) = y**3 - 7*y**2 - 9*y + 8. Let i be l(8). Let c(u) = -u**3 + u**2 - 1. Determine c(i).
-1
Let q(w) be the first derivative of -w**4/3 + 9*w - 9. Let m(f) be the first derivative of q(f). Let k be (-1)/2*(1 + 1). Give m(k).
-4
Suppose 8*s + 42 - 10 = 0. Let b(n) = n**3 + 4*n**2 + 5*n. What is b(s)?
-20
Let b(x) be the second derivative of x**4/12 - 4*x**3/3 + 7*x**2/2 + 38*x. Give b(6).
-5
Let c(h) = -h**2 - 3*h - 2. Let s be (-15 - 1)/(-4) - 6. What is c(s)?
0
Let f(r) = r**2 - 7*r - 2. Let a(n) = -5*n**3 + 2*n**2 - 1. Let q be a(-1). Determine f(q).
-8
Let t be (-4)/(-14) + (-24)/(-14). Suppose -5*j = -2*x + 3, 1 = -5*j + x + t. Let n be -1 + 2 + (1 - j). Let r(p) = -6*p**2 + 1. Give r(n).
-5
Let z(v) = -5*v - 4. Let y(x) = 14*x + 11. Let d(b) = -3*y(b) - 8*z(b). Determine d(4).
-9
Let g = 0 - 1. Let a(b) = -b**3 + 7*b**2 + 8*b + 1. Let i be a(8). Let n(t) = 4*t + i - 4*t + t + t**2. Determine n(g).
1
Let y = 2 + 0. Suppose -d + n = y*n, 5*d = n + 18. Let o(k) = -k**3 + 3*k**2 + 3*k - 2. Let s(f) = -f + 1. Let z(u) = o(u) + 3*s(u). Determine z(d).
1
Let a(n) be the first derivative of 13 + 5/2*n**2 - 1/3*n**3 - 3*n. Let z(q) = 5*q**2 + q. Let p be z(-1). Determine a(p).
1
Let g(t) = t**2 + t. Suppose -3*q + 1 = 4*c, -3*q = -4*c + 48 - 17. Let w be 90/8 + 21/28. Suppose w = -c*y + 4. Give g(y).
2
Let u(t) be the third derivative of -t**5/60 + t**4/8 - t**3/6 - 2*t**2. Let h be 0/2 + -1 - -5. Calculate u(h).
-5
Let a(k) be the second derivative of -k**4/12 - 5*k**3/6 + 2*k**2 + 18*k. Give a(-5).
4
Let m(d) = 0 + 6*d**2 - 4*d**2 - 3 + 2*d. Let q = 